3*j + 39, 7*j + 4*y = 4*j + k. List the prime factors of j.
2, 3
List the prime factors of (-460266)/(-9) - (56/21)/(-8).
3, 17047
Suppose -2*c - f - 5 = -4*c, 0 = -3*c - f + 10. Suppose 1006 = c*i - 767. List the prime factors of i.
3, 197
Let a = 958 - 158. Suppose -6*y + 1324 + a = 0. What are the prime factors of y?
2, 3, 59
Let h be 10981 + (-2 + 5)*5/(-15). Suppose 0 = 8*d + 10*d - h. List the prime factors of d.
2, 5, 61
Suppose 242*t - 260*t + 8190 = 0. Let g = 795 - t. What are the prime factors of g?
2, 5, 17
Let j(y) = -y**2 + 7*y - 8. Let m be j(4). Suppose -2*t + m + 0 = 0. Suppose i = -4*d + 176, -4*i = 6*d - t*d - 176. List the prime factors of d.
2, 11
Let m = 177 + -181. What are the prime factors of (-1 + (-126)/m)*(-4)/(-2)?
61
Let u(r) = -r**2 - 6*r - 4. Let z be u(-4). Suppose 0 = -z*i - 5*p + 339, 0*p - 369 = -4*i + p. List the prime factors of i.
7, 13
Let a be 545/30 - (-3)/(-18). Suppose k + 4*j = -1 - a, 2*k - 2*j = -28. List the prime factors of (10/k)/(3 - (-2038)/(-678)).
113
List the prime factors of 16699 - (-10 + 0 - -6).
16703
Let f = -21648 - -60141. List the prime factors of f.
3, 7, 13, 47
Let x(z) = -z**3 + 99*z**2 - 21*z + 789. List the prime factors of x(96).
3, 8807
Let v(d) = d**3 + 18*d**2 - 135*d - 2170. What are the prime factors of v(-17)?
2, 3, 23
Let h be 5/15*(2 - -100). Suppose 0 = -5*f + 6*f + 4*z - 29, -f - 5*z = -h. What are the prime factors of f?
3
Let q be 12/4 + 2/1. Suppose -q*a = t - 5, a = -3*t + t - 8. Suppose 3*u = 4*f + 425, 0*u - a*f - 421 = -3*u. List the prime factors of u.
139
Let v(j) = 12*j - 3 + 24*j**2 - 2 - 22 - 16*j. What are the prime factors of v(7)?
19, 59
Suppose 28*u - 8791 = 7393. Let i = u - 186. List the prime factors of i.
2, 7
Let x = -104 + 244. Let v(o) = 318*o**3 - 6*o**2 + 6*o - 2. Let d be v(1). Let a = d - x. List the prime factors of a.
2, 11
Let m = 4063 + -2615. Suppose j + 2*n - m = -4*j, -n + 4 = 0. What are the prime factors of j?
2, 3
Suppose -5*p - 33 + 18 = 0. Let v(s) = -179*s + 54. What are the prime factors of v(p)?
3, 197
List the prime factors of (12613/(-1))/(47/(-94)).
2, 12613
Let z = 79746 + -54918. What are the prime factors of z?
2, 3, 2069
Let r = -3674 - -65171. What are the prime factors of r?
3, 6833
Let a = -23721 - -33986. What are the prime factors of a?
5, 2053
Let q(w) = -603*w - 180. Let s be q(-9). Suppose 5*u - s = -4*u. What are the prime factors of u?
11, 53
Let i(m) = m**2 + m. Let h(n) = 43*n**2 + 19*n + 23. Let x(y) = h(y) - 6*i(y). List the prime factors of x(-4).
563
Let y = -1774 + -672. Let r = y + 3987. What are the prime factors of r?
23, 67
Let a = -2630 + 19075. List the prime factors of a.
5, 11, 13, 23
Suppose 0 = w - 4*f + 5, -5*w - 31 = 3*f + 17. What are the prime factors of (-33)/w + (-6)/(-18)?
2
Let i = -102 + 102. Let b(l) = -76*l - 9 + i + 49*l. List the prime factors of b(-7).
2, 3, 5
Suppose 66*c - 87*c - 1407 = 0. What are the prime factors of (-1)/(4/c)*28?
7, 67
Let g be (-2)/13 - 720/(-52)*-1. What are the prime factors of 2*-2 - (-148 - (6 + g))?
2, 17
Suppose -84*k + 10 = -79*k, -4*k = -2*s - 16. Let m(h) = 45*h**2 + 9*h + 39. What are the prime factors of m(s)?
3, 241
Suppose -5*r = 5*l - 170, 0 = l - 2*r - 25 + 3. Suppose 0 = 22*f - l*f + 9416. List the prime factors of f.
11, 107
Let g(y) = 10*y**3 + 4*y**2 - 6*y - 10. Let q = -298 - -301. What are the prime factors of g(q)?
2, 139
Suppose -2950 + 33280 = 45*u. List the prime factors of u.
2, 337
What are the prime factors of (-2)/45*-558042 + -2*4/(-60)?
2, 12401
Let q be (1/(-2))/(-1*(-2)/(-20)). Suppose -3*w - 3*z = -12, 0*w + 20 = 5*w + z. Suppose -w*o = q*x - 450, -3*x - 540 = -5*o + 2*x. List the prime factors of o.
2, 5, 11
Let t(f) = 5*f**2 - 4*f + 6. Let z be t(3). Let x = 97 - z. Suppose -3*m - x = -2*r - m, 0 = 3*r - m - 95. What are the prime factors of r?
3, 11
Let w be (2/(-6))/((-1)/75). Suppose -1935 = -30*u + w*u. Suppose 0*f + 3*f = u. What are the prime factors of f?
3, 43
What are the prime factors of ((-62)/(-496))/(2/30512)?
1907
Suppose 0 = -5*a - 10575 + 10595, 5*d - 321706 = -4*a. What are the prime factors of d?
2, 3, 10723
Let m(o) = -117*o + 42. Let a be m(-11). Suppose -8*p + 743 + a = 0. List the prime factors of p.
7, 37
Let p be (2/4*-4)/(0 - 1). Suppose -9 = -l - p*l. Suppose -4*d = -l*d, -5*z - d = -270. What are the prime factors of z?
2, 3
Suppose 4*y - 164 = 30*k - 26*k, y - 5*k = 21. Let n(l) = l**2 - 12*l - 49. What are the prime factors of n(y)?
3, 5, 101
Let u = -15984 - -38647. What are the prime factors of u?
131, 173
Suppose 119945 + 100626 = 17*n + 30*n. What are the prime factors of n?
13, 19
Let x be -6 + 8/(-12)*-6 + 4. Suppose -x*q + 9 = r - 0*r, -9 = 2*q - 5*r. What are the prime factors of 200 + 2*q/18*3?
3, 67
Suppose -f = -4*y - 58, 5*f - 4*y + 7*y = 382. Suppose 0 = -r - 3*c + 72, -f + 4 = -r - 4*c. Let t = r + -53. What are the prime factors of t?
5
Suppose -102*p = -42*p - 54*p - 44778. List the prime factors of p.
17, 439
Let m be (-10)/25 + (-34)/(-10). Suppose m*s - 27 = 18. Suppose -239 = 4*o + d - 670, 0 = 5*d - s. What are the prime factors of o?
107
Suppose 4*d - 84 = -72. Suppose 2*a = d*o + 3*a - 1826, -3*o + 3*a = -1830. What are the prime factors of o?
3, 7, 29
Let r(v) = 46*v - 21. Let f be r(6). Suppose 11*k = 537 + f. Suppose -93 = -5*a + k. List the prime factors of a.
3, 11
List the prime factors of (4/12*-1)/(1*6/(-602838)).
107, 313
Let w(u) = 12 + 96*u - 67*u - 38 + 5*u**2 - 60*u - 2*u**2. What are the prime factors of w(-12)?
2, 389
Let b be (4 + 24/(-4))*-1. What are the prime factors of (-85)/(4/b - (-5)/(-2))?
2, 5, 17
Let i(h) = -3*h - 22. Let b be i(-8). Let o(n) = -201*n**2 + 202*n**b + 10*n + 1 - 10. What are the prime factors of o(8)?
3, 5
Suppose 0*g - 85*g = -490790. What are the prime factors of g?
2, 2887
Let p(r) be the third derivative of -8*r**4 - 17*r**3/3 - 3*r**2 - 1. List the prime factors of p(-2).
2, 5, 7
Let m(c) = 2*c**2 + 12 + 31*c**3 - 10*c - 30*c**3 - 10*c**2. Let a be m(9). Suppose a*l - 536 = 127. List the prime factors of l.
13, 17
Let v = 126304 + -42506. What are the prime factors of v?
2, 11, 13, 293
Suppose 0 = -2*c - 5*a + 995 - 160, -3*c + 3*a = -1284. List the prime factors of c.
5, 17
Let n(z) = -44*z. Let x be n(-3). Let m = 9 + -77. Let t = x + m. List the prime factors of t.
2
Let x = 2 + 2. Let p = -27410 + 27666. Suppose -x*t + 1308 = p. List the prime factors of t.
263
Let b = 31736 - 19435. List the prime factors of b.
12301
Let m(l) = -l**2 + 6*l - 2. Let b be m(7). Let s be (45/20)/b*-52. Suppose s*u + 0*u - 39 = 0. What are the prime factors of u?
3
Suppose -14403 = -7*c + 13891. What are the prime factors of c?
2, 43, 47
Suppose 381338 = 179*q + 35689. List the prime factors of q.
1931
Let a be (53/3)/(38/5358). Let p = a - 1714. List the prime factors of p.
3, 7, 37
Let f = -235 + 242. Suppose -8*c = -f*c - 4*q - 485, -3*c - 5*q = -1523. List the prime factors of c.
3, 167
Suppose -2*k + 4*k = 3*x + 151, 0 = -5*k + x + 358. Let s = -65 + k. What are the prime factors of 0*(-6)/s - 89/(-1)?
89
Let o(i) = -546*i - 863. What are the prime factors of o(-14)?
6781
Let b(i) be the second derivative of 67*i**3/6 - 7*i**2/2 - 12*i - 2. List the prime factors of b(8).
23
Suppose -3*j + 4*l + 25548 = -41902, -5*j - 2*l + 112382 = 0. What are the prime factors of j?
2, 11239
Suppose 5*j - 15347 = -3*w, 460*j = -w + 463*j + 5111. List the prime factors of w.
2, 2557
Suppose 5*a - y = 0, 0 = 2*a - 4*a + 2*y. Suppose 3*c - 14 = 4*p, a = -c - 0*c - p. What are the prime factors of (c/4)/(4 - 5852/1464)?
3, 61
Let j(i) = -i**3 - 10*i**2 + 5*i + 35. Suppose 3*v = -18 + 9. Let l(h) = -2*h**2 - 4*h - 5. Let w be l(v). List the prime factors of j(w).
101
Suppose 404*k - 307120 = 360*k. What are the prime factors of k?
2, 5, 349
Let n(j) = 25 - 10*j + 2*j - 3. Suppose 104 + 166 = -30*x. List the prime factors of n(x).
2, 47
List the prime factors of (-109472)/(-12)*(1 - (6/1 + -8)).
2, 11, 311
Suppose -2470 + 556 = 3*n. Let b = n + 1145. What are the prime factors of b?
3, 13
Let i(v) = -22 + v**2 - 3 + 25 + 11*v. List the prime factors of i(-23).
2, 3, 23
Suppose 3*w = 2*q + 103, -145 - 5 = -5*w - q. Let r = 2450 + -2445. Let v = r + 